2
Let h(w) = w + 5. Let u be h(-5). Suppose 2*c = -u*c + 38. What is the tens digit of c?
1
Suppose 16 = -3*k - 5*b, 3*b + 4 = k - 14. Suppose -t = 5*x + 11, 7*t = k*t + 5*x + 31. What is the units digit of t?
4
Let p(q) = -q**3 - 5*q**2 + 6*q. Let j be p(-6). Let w(m) = -4 + 1 - 1 + j - 4*m. What is the units digit of w(-4)?
2
Suppose 5*l + 28 = 2*b, -3*l - 5 = b + 3. Suppose b*c - 47 = 5. What is the tens digit of c?
1
Let x be 8/14*(-28)/(-8). Suppose x*m = -2*m + 76. What is the tens digit of m?
1
Let w = 17 - 11. Let t be (12/8)/(w/20). Suppose f - 2*l = 6*f + 5, 0 = -t*l - 25. What is the units digit of f?
1
Suppose -j - 64 = -2*j. What is the units digit of j?
4
Suppose -2*d + y + 41 = 0, -d - 4*y = -y - 31. What is the tens digit of d?
2
Let i be ((-16)/12)/(1/6). Let y = i + 10. Suppose -3*f + 34 = 3*o - 29, -y*o + 2*f + 22 = 0. What is the units digit of o?
6
Let p(i) = 2*i + 344. What is the hundreds digit of p(0)?
3
Suppose 4*n - 231 - 69 = 0. What is the tens digit of n?
7
Let u(d) = -3*d. Suppose 16 = 5*c + 2*i, -2*i - 6 - 14 = -4*c. Let w = 2 - c. What is the units digit of u(w)?
6
Suppose 0 = m + 3*t - 33, -3*m + 21 = -3*t - 42. Let b = 55 - m. What is the units digit of b?
1
What is the units digit of ((-54)/(-15) + 4)/(1/10)?
6
Suppose -6*x - 7*x = -2067. What is the hundreds digit of x?
1
Suppose 7*f = 4*f - 5*x + 26, -f - x + 6 = 0. What is the units digit of f?
2
Let z(a) be the second derivative of 2*a**3/3 - 2*a**2 + 3*a. What is the units digit of z(4)?
2
Let k = 70 - 39. Suppose -17 = -4*m - 5*u, 5*m - k = -u - 2*u. What is the units digit of m?
8
Let f be 12*((-3)/(-6) - 0). What is the units digit of (f/4)/(4/24)?
9
Let q = 4 - 12. Let w(x) be the second derivative of -x**3/6 - x**2/2 + 5*x. What is the units digit of w(q)?
7
Let t = 183 + -109. What is the tens digit of t?
7
Let d(g) = g**2 - 12*g + 9. What is the units digit of d(14)?
7
Suppose 4 = 5*p - 6. Let l be 6/p - (-2 - -2). Suppose r - 34 = -3*j, l*r - 52 = -4*j - 0*r. What is the units digit of j?
0
Let n = -20 - -65. What is the tens digit of n?
4
Suppose -3*j = -5*t + 148, -2*t + 3*t - 5*j = 34. What is the tens digit of t?
2
Let z = 9 + 3. What is the units digit of (z/10)/((-6)/(-15))?
3
Suppose 3*t - 214 = u, -287 = -4*t + 3*u - 0*u. Suppose -5*z = 4*y - t, 3*z - 3*y = 6 + 42. Let r = z - 11. What is the units digit of r?
4
Suppose m - 1 = 1. Let p(o) = 2*o**m - o**2 + 5 - 4*o + 0*o. What is the units digit of p(4)?
5
Let m(f) = 5*f**2 + 2*f + 6. What is the tens digit of m(-3)?
4
Suppose -5*s = -5*l + 10, -5*s + 1 = l + 11. Let f = 4 + l. What is the units digit of f?
4
Suppose q + 0 = 2. Suppose -5*r = 2 + 23, -5*a = q*r - 245. What is the tens digit of a?
5
Let p be (1/2)/((-2)/12). Let t = 10 + p. What is the units digit of t?
7
Let r(u) = -5*u - 27. What is the tens digit of r(-13)?
3
Let y = 16 - -2. What is the units digit of y?
8
Suppose 3*h - 42 = -0. Let b = h - 7. What is the units digit of b?
7
What is the tens digit of (-121)/(-3) - 4/12?
4
What is the units digit of (-2)/4 + 1 + (-1255)/(-10)?
6
Suppose 0*y = -y + 55. What is the units digit of y?
5
Let x(y) = -y**3 - 3*y**2 - 3*y. Let r be x(-2). Let s be -1*(r + -1) + 23. Suppose o = 3*o - s. What is the units digit of o?
1
What is the units digit of 8/10*((-1431)/(-6) + -1)?
0
Suppose 3*j - 293 + 77 = 0. Suppose 3*h + 0*h = 3*u - j, 0 = -2*u - 4*h + 60. What is the tens digit of u?
2
Let c be 2/9 - 1172/9. Let v be c/(-25) + 1/(-5). Suppose 4*h = -2*r + v + 1, 2*r - 3*h = 20. What is the units digit of r?
7
Suppose -5*w + 0 = 50. Let y = -47 - -29. Let m = w - y. What is the units digit of m?
8
Let h(a) = -2 - 4 - 2*a + 0. What is the units digit of h(-5)?
4
Let i(b) = b**2 - 3*b. Let u be i(4). Suppose 2*p - 10 = u. What is the units digit of p?
7
Suppose -5*h = 5*y - 165, -y - y = -2*h - 54. Suppose 0 = -5*o + 10 + y. What is the units digit of o?
8
Suppose -3*i = -4*i + 12. Suppose -32 = -5*x - i. Suppose y + x*y = 15. What is the units digit of y?
3
Suppose 0*f = 4*f. Suppose -5*a + 13 + 32 = f. What is the tens digit of ((-30)/a)/(1/(-3))?
1
Let h(g) = g**2 + 4*g - 4. Let f be h(-4). Let o(y) = -y**3 - 4*y**2 - y + 1. Let q be o(f). Suppose 2*v = q*v - 12. What is the units digit of v?
4
Let o(d) = d + 13. What is the units digit of o(-12)?
1
Let x(o) = -o**2 - 5*o - 5. Let i be x(-5). Let q be (-27)/i + 2/(-5). Suppose -15 = -2*b + q. What is the tens digit of b?
1
Let x(c) = 6*c**3 - c**2 + 1. What is the units digit of x(1)?
6
Suppose 0 = f - 0*f - 2*l + 8, -4*f + 4*l - 32 = 0. What is the units digit of (0 - 3 - f) + -1?
4
Let f(u) = u + 3. Let h be (8/(-3))/(2/(-3)). What is the units digit of f(h)?
7
Suppose 5*a + 3*o - 13 = 293, -5*a + 2*o = -296. What is the units digit of a?
0
Let k(p) = -4*p + 2. What is the units digit of k(-6)?
6
What is the tens digit of 12/54 + 248/18?
1
Let f be (2 - 1)*(-1 - -3). Suppose -3*t - 10 = -t, f*o - 3*t - 23 = 0. Suppose -3*y + o*y - 15 = j, -5*y + 115 = 5*j. What is the units digit of y?
9
Suppose 4*z + 82 = 5*r, 4*z - 11 - 5 = -2*r. What is the units digit of r?
4
Suppose 7 - 1 = r. Suppose 0 = -2*p + 3 - 11. What is the units digit of p/r + (-16)/(-6)?
2
Suppose -41 = -5*w - 2*c + 39, -3*c = 4*w - 57. What is the units digit of w?
8
Suppose 18*j + 25 = 23*j. What is the units digit of j?
5
Suppose 8 = w + 3*w. What is the tens digit of 13 + (-3 - w) + 2?
1
Let m be 10*(-1 + (-6)/(-4)). Suppose -2*v - 2*v + m*j + 119 = 0, -2*v + 65 = 3*j. What is the units digit of v?
1
Let n(l) be the second derivative of 4*l**3/3 - l**2/2 - l. Let r be n(1). Suppose r + 11 = 3*m. What is the units digit of m?
6
Let m be 29 + (9/3 - 2). What is the units digit of 37/5 - 12/m?
7
Suppose 63*u = 60*u + 396. What is the hundreds digit of u?
1
Suppose 4*b = 227 - 79. What is the units digit of b?
7
Let a(w) = -21*w**2 + 2*w + 1. Let x be a(-1). Let s = x + 11. Let u = s - -16. What is the units digit of u?
5
Suppose 0 = 5*m + 161 - 656. What is the units digit of m?
9
Suppose 4*o = 2*d - 90, 3*d - o - o - 131 = 0. What is the tens digit of d?
4
What is the tens digit of (-508)/(-18) + 1 + 18/(-81)?
2
Let i(y) be the second derivative of -y**4/12 - 2*y**3/3 + 3*y**2 - y. Let o = 3 - 8. What is the units digit of i(o)?
1
What is the tens digit of (-6)/(-33) - (-2337)/33?
7
What is the tens digit of (-1244)/(-7) - (-5 + 330/70)?
7
Suppose y - 15 = 4*y. Let l = -10 + 22. Let t = y + l. What is the units digit of t?
7
Let u = -76 - -108. Suppose u + 52 = 3*f - 3*s, 112 = 4*f - 5*s. What is the tens digit of f?
2
Suppose -3*s - 6 = 3. Let t(b) = -4*b + 4. Let o be t(s). Suppose 22 = 3*y - 5*f, 2*f = -2*y + o + 4. What is the units digit of y?
9
Suppose 3 = -q + 6. Suppose -2*n = q*n - 20. What is the units digit of n/(-16) - (-29)/4?
7
Suppose 2*t - 327 = -5*z, -3*z + 44 = 3*t - 145. What is the units digit of z?
7
Let u(y) = y**2 + 2*y. Let a be u(3). Let g = a - 6. What is the units digit of g?
9
Let z(y) = 9*y - 4. Let m be z(6). Suppose 5*v = -0*v + m. Let q = 4 + v. What is the units digit of q?
4
Let g(f) = 8 + 33*f**2 + 11*f + 6 - 32*f**2. What is the units digit of g(-11)?
4
Let c be -3 - (-3 - -5 - 5). Suppose c = 5*t - 37 - 38. What is the tens digit of t?
1
Suppose -x + 5*m + 38 = 16, 3*m = -15. What is the units digit of ((-10)/6)/(1/x)?
5
Let g = 18 + -12. Let v be 5/15 - (-10)/g. Suppose n + v = 3*n. What is the units digit of n?
1
Let u(p) = p + 6. Let s = 0 + 0. What is the units digit of u(s)?
6
Let s(f) = 13*f - 4. What is the tens digit of s(3)?
3
Let u = 87 - 38. Suppose 2*q = -7 + u. What is the units digit of q?
1
Suppose w + 53 = -5*i, i + 5 = 2*w - 5*w. Let t = -5 - i. Suppose -t = -4*h + 2. What is the units digit of h?
2
Let v = 31 - 17. Let f be v/(-6)*(12 + -3). Let s = f + 30. What is the units digit of s?
9
Suppose -q + b = -2*b + 8, 3*q - 20 = -2*b. Suppose 3*o = 7*o - 4. Suppose -3*m - q*k = k + o, -6 = -4*m - 3*k. What is the units digit of m?
3
Suppose 3*u = 15, -3*p = -5*u - 6 + 25. Let z(a) = a - 1 + 5 - p. What is the units digit of z(3)?
5
Let w be 3/(2/4*2). Suppose 4*a - 5 = w*a. What is the units digit of a?
5
Let j(d) be the second derivative of d**4 + d**2/2 - 2*d. What is the units digit of j(1)?
3
Let h = 450 + 